{"id":9036,"date":"2026-01-26T00:55:18","date_gmt":"2026-01-25T23:55:18","guid":{"rendered":"https:\/\/www.udrugamrkz.hr\/?page_id=9036"},"modified":"2026-03-28T15:30:12","modified_gmt":"2026-03-28T14:30:12","slug":"kako-donirati-2","status":"publish","type":"page","link":"https:\/\/www.udrugamrkz.hr\/?page_id=9036","title":{"rendered":"Kako donirati?"},"content":{"rendered":"\n<p class=\"has-text-align-center\"><strong>&#8220;Masla\u010dak nije samo cvijet; on je simbol snage koja ni\u010de iz malih stvari. Va\u0161a donacija je vjetar u le\u0111a na\u0161im Masla\u010dcima.&#8221;<\/strong><\/p>\n\n\n\n<p class=\"has-text-align-center\"><strong>Zanima Vas kako mo\u017eete financijski donirati na\u0161oj Udruzi???<\/strong><\/p>\n\n\n\n<p class=\"has-text-align-center\">Vrlo jednostavno:<\/p>\n\n\n\n<p class=\"has-text-align-center\">Uplatom na na\u0161 broj \u017eiro-ra\u010duna: IBAN<strong>:<\/strong>&nbsp;<strong>HR3423400091100024334<\/strong> Privredna banka Zagreb<\/p>\n\n\n\n<p class=\"has-text-align-center\">ili<\/p>\n\n\n\n<p class=\"has-text-align-center\"> Skeniranjem bar koda<\/p>\n\n\n\n<figure class=\"wp-block-gallery has-nested-images columns-default is-cropped wp-block-gallery-1 is-layout-flex wp-block-gallery-is-layout-flex\">\n<figure class=\"wp-block-image size-large\"><img loading=\"lazy\" decoding=\"async\" width=\"768\" height=\"143\" data-id=\"9452\" src=\"https:\/\/www.udrugamrkz.hr\/wp-content\/uploads\/IMG-20250405-WA0007-768x143-1.jpg\" alt=\"\" class=\"wp-image-9452\" srcset=\"https:\/\/www.udrugamrkz.hr\/wp-content\/uploads\/IMG-20250405-WA0007-768x143-1.jpg 768w, https:\/\/www.udrugamrkz.hr\/wp-content\/uploads\/IMG-20250405-WA0007-768x143-1-300x56.jpg 300w\" sizes=\"(max-width: 768px) 100vw, 768px\" \/><\/figure>\n<\/figure>\n\n\n\n<p><\/p>\n\n\n\n<p class=\"has-text-align-center\"><strong>&#8220;Va\u0161a podr\u0161ka nije samo broj na ra\u010dunu, ona je osmijeh na licu svakog na\u0161eg \u010dlana.&#8221;<\/strong><\/p>\n\n\n\n<p class=\"has-text-align-center\"><strong>Hvala vam na donaciji i nesebi\u010dnosti.<\/strong><\/p>\n","protected":false},"excerpt":{"rendered":"<p>&#8220;Masla\u010dak nije samo cvijet; on je simbol snage koja ni\u010de iz malih stvari. Va\u0161a donacija je vjetar u le\u0111a na\u0161im Masla\u010dcima.&#8221; Zanima Vas kako mo\u017eete financijski donirati na\u0161oj Udruzi??? Vrlo jednostavno: Uplatom na na\u0161&#46;&#46;&#46;<\/p>\n","protected":false},"author":1,"featured_media":0,"parent":0,"menu_order":0,"comment_status":"closed","ping_status":"closed","template":"","meta":{"ngg_post_thumbnail":0,"footnotes":""},"_links":{"self":[{"href":"https:\/\/www.udrugamrkz.hr\/index.php?rest_route=\/wp\/v2\/pages\/9036"}],"collection":[{"href":"https:\/\/www.udrugamrkz.hr\/index.php?rest_route=\/wp\/v2\/pages"}],"about":[{"href":"https:\/\/www.udrugamrkz.hr\/index.php?rest_route=\/wp\/v2\/types\/page"}],"author":[{"embeddable":true,"href":"https:\/\/www.udrugamrkz.hr\/index.php?rest_route=\/wp\/v2\/users\/1"}],"replies":[{"embeddable":true,"href":"https:\/\/www.udrugamrkz.hr\/index.php?rest_route=%2Fwp%2Fv2%2Fcomments&post=9036"}],"version-history":[{"count":4,"href":"https:\/\/www.udrugamrkz.hr\/index.php?rest_route=\/wp\/v2\/pages\/9036\/revisions"}],"predecessor-version":[{"id":9456,"href":"https:\/\/www.udrugamrkz.hr\/index.php?rest_route=\/wp\/v2\/pages\/9036\/revisions\/9456"}],"wp:attachment":[{"href":"https:\/\/www.udrugamrkz.hr\/index.php?rest_route=%2Fwp%2Fv2%2Fmedia&parent=9036"}],"curies":[{"name":"wp","href":"https:\/\/api.w.org\/{rel}","templated":true}]}}