{"id":13,"date":"2015-01-03T20:24:05","date_gmt":"2015-01-03T19:24:05","guid":{"rendered":"http:\/\/www.udrugamrkz.hr\/novo\/?page_id=13"},"modified":"2025-11-14T19:37:59","modified_gmt":"2025-11-14T18:37:59","slug":"kontakt","status":"publish","type":"page","link":"https:\/\/www.udrugamrkz.hr\/?page_id=13","title":{"rendered":"Kontakt"},"content":{"rendered":"<p style=\"text-align: center;\"><span style=\"text-decoration: underline;\">Puni naziv<\/span><b><span style=\"text-decoration: underline;\">:<\/span> <\/b><strong>Udruga osoba s intelektualnim te\u0161ko\u0107ama i njihovih <\/strong><\/p>\n<p style=\"text-align: center;\"><strong>obitelji &#8220;Masla\u010dak&#8221; Kri\u017eevci<\/strong><\/p>\n<p style=\"text-align: center;\"><span style=\"text-decoration: underline;\">Skra\u0107eni naziv:<\/span>&nbsp;<strong>Udruga &#8220;Masla\u010dak&#8221; Kri\u017eevci<\/strong><\/p>\n<p style=\"text-align: center;\"><strong>Sjedi\u0161te: <\/strong>Ulica Ivana Gunduli\u0107a 67, 48260 Kri\u017eevci<\/p>\n<p style=\"text-align: center;\"><strong>Adresa pru\u017eanja socijalnih usluga:<\/strong> Ulica Ivana Gunduli\u0107a 67, 48260 Kri\u017eevci<\/p>\n<p style=\"text-align: center;\">048\/270 998&nbsp;<\/p>\n<p style=\"text-align: center;\">098\/168 2418<\/p>\n<p style=\"text-align: center;\"><strong>Sla\u0111ana Seku\u0161ak<\/strong>,&nbsp;predsjednica Udruge<\/p>\n<p style=\"text-align: center;\"><strong>Martina Benjak Brezjan<\/strong>, zamjenica predsjednice Udruge<\/p>\n<p style=\"text-align: center;\"><strong>Nada Domitrovi\u0107<\/strong>,&nbsp;voditeljica Kluba &#8220;Masla\u010dak&#8221;<\/p>\n<p style=\"text-align: center;\">Mati\u010dni broj Udruge: <strong>03581187<\/strong><\/p>\n<p style=\"text-align: center;\">\u017diro ra\u010dun: <strong>2340009-1100024334<\/strong><\/p>\n<p style=\"text-align: center;\">IBAN<strong>:<\/strong>&nbsp;<strong>HR3423400091100024334<\/strong><\/p>\n<p style=\"text-align: center;\"><a href=\"https:\/\/www.udrugamrkz.hr\/wp-content\/uploads\/IMG-20250405-WA0007.jpg\"><img loading=\"lazy\" decoding=\"async\" class=\"size-medium wp-image-7838 aligncenter\" src=\"https:\/\/www.udrugamrkz.hr\/wp-content\/uploads\/IMG-20250405-WA0007-300x56.jpg\" alt=\"\" width=\"300\" height=\"56\" srcset=\"https:\/\/www.udrugamrkz.hr\/wp-content\/uploads\/IMG-20250405-WA0007-300x56.jpg 300w, https:\/\/www.udrugamrkz.hr\/wp-content\/uploads\/IMG-20250405-WA0007-768x143.jpg 768w, https:\/\/www.udrugamrkz.hr\/wp-content\/uploads\/IMG-20250405-WA0007.jpg 948w\" sizes=\"(max-width: 300px) 100vw, 300px\" \/><\/a><\/p>\n<p style=\"text-align: center;\">&nbsp;Reg. broj Udruge: <strong>06000012&nbsp;<\/strong><\/p>\n<p style=\"text-align: center;\">OIB: <strong>81350884382<\/strong><\/p>\n<p style=\"text-align: center;\">e-mail: <strong><span style=\"text-decoration: underline;\">udrugamaslacak@gmail.com<\/span><\/strong><\/p>\n<p style=\"text-align: center;\">Facebook profil:&nbsp;https:\/\/www.facebook.com\/UdrugaMasla\u010dakKri\u017eevci<\/p>\n<p>&nbsp; &nbsp; &nbsp; &nbsp; &nbsp; &nbsp; &nbsp; &nbsp; &nbsp; &nbsp; &nbsp; &nbsp; &nbsp; &nbsp; &nbsp; &nbsp; &nbsp; &nbsp; &nbsp; &nbsp; &nbsp; &nbsp; &nbsp; &nbsp; &nbsp; &nbsp; &nbsp; &nbsp; &nbsp; &nbsp; &nbsp; &nbsp; Instagram: Udruga Masla\u010dak&nbsp; Kri\u017eevci&nbsp;<\/p>\n<p style=\"text-align: center;\">&nbsp;<\/p>\n","protected":false},"excerpt":{"rendered":"<p>Puni naziv: Udruga osoba s intelektualnim te\u0161ko\u0107ama i njihovih obitelji &#8220;Masla\u010dak&#8221; Kri\u017eevci Skra\u0107eni naziv:&nbsp;Udruga &#8220;Masla\u010dak&#8221; Kri\u017eevci Sjedi\u0161te: Ulica Ivana Gunduli\u0107a 67, 48260 Kri\u017eevci Adresa pru\u017eanja socijalnih usluga: Ulica Ivana Gunduli\u0107a 67, 48260 Kri\u017eevci 048\/270&#46;&#46;&#46;<\/p>\n","protected":false},"author":1,"featured_media":0,"parent":0,"menu_order":0,"comment_status":"closed","ping_status":"closed","template":"","meta":{"ngg_post_thumbnail":0,"footnotes":""},"_links":{"self":[{"href":"https:\/\/www.udrugamrkz.hr\/index.php?rest_route=\/wp\/v2\/pages\/13"}],"collection":[{"href":"https:\/\/www.udrugamrkz.hr\/index.php?rest_route=\/wp\/v2\/pages"}],"about":[{"href":"https:\/\/www.udrugamrkz.hr\/index.php?rest_route=\/wp\/v2\/types\/page"}],"author":[{"embeddable":true,"href":"https:\/\/www.udrugamrkz.hr\/index.php?rest_route=\/wp\/v2\/users\/1"}],"replies":[{"embeddable":true,"href":"https:\/\/www.udrugamrkz.hr\/index.php?rest_route=%2Fwp%2Fv2%2Fcomments&post=13"}],"version-history":[{"count":38,"href":"https:\/\/www.udrugamrkz.hr\/index.php?rest_route=\/wp\/v2\/pages\/13\/revisions"}],"predecessor-version":[{"id":8717,"href":"https:\/\/www.udrugamrkz.hr\/index.php?rest_route=\/wp\/v2\/pages\/13\/revisions\/8717"}],"wp:attachment":[{"href":"https:\/\/www.udrugamrkz.hr\/index.php?rest_route=%2Fwp%2Fv2%2Fmedia&parent=13"}],"curies":[{"name":"wp","href":"https:\/\/api.w.org\/{rel}","templated":true}]}}